{"id":23,"date":"2024-08-13T07:57:00","date_gmt":"2024-08-13T04:57:00","guid":{"rendered":"http:\/\/192.168.1.123\/?page_id=23"},"modified":"2026-02-07T12:06:33","modified_gmt":"2026-02-07T10:06:33","slug":"erapirtti","status":"publish","type":"page","link":"https:\/\/nakkilanera.fi\/?page_id=23","title":{"rendered":"ER\u00c4PIRTTI"},"content":{"rendered":"\n<p>Hirviseurueella on Nakkilan Vuohim\u00e4ess\u00e4 Er\u00e4pirtti. Rauhallisessa tilassa voi pit\u00e4\u00e4 esim. juhlia tai kokouksia. Tilaan mahtuu kokoustamaan n. 30-40 henkil\u00f6\u00e4. Ruokailu onnistuu sopuisasti n. 30 henkil\u00f6lle. Er\u00e4pirtilt\u00e4 l\u00f6ytyy my\u00f6s sauna, alla kuvia Er\u00e4pirtist\u00e4.<\/p>\n\n\n\n<p>Er\u00e4pirtti sijaitsee papintien J\u00e4rvikyl\u00e4n p\u00e4\u00e4ss\u00e4, alla kartta.<\/p>\n\n\n\n<p>Er\u00e4pirtti\u00e4 vuokrataan 200\u20ac viikonloppu.<br><\/p>\n\n\n\n<p>Er\u00e4pirtin vuokrausta hoitaa Kari Sulonen puh. 0442358656<\/p>\n\n\n\n<p>Lahtivaja on k\u00e4yt\u00f6ss\u00e4 kylm\u00e4tiloineen hirvi-ja peuraseurueelle.<\/p>\n\n\n\n<figure class=\"wp-block-image size-full\"><a href=\"https:\/\/nakkilanera.fi\/wp-content\/uploads\/2024\/09\/erapirtti-2-1024x717-1.jpg\"><img loading=\"lazy\" decoding=\"async\" width=\"1024\" height=\"717\" src=\"https:\/\/nakkilanera.fi\/wp-content\/uploads\/2024\/09\/erapirtti-2-1024x717-1.jpg\" alt=\"\" class=\"wp-image-465\" srcset=\"https:\/\/nakkilanera.fi\/wp-content\/uploads\/2024\/09\/erapirtti-2-1024x717-1.jpg 1024w, https:\/\/nakkilanera.fi\/wp-content\/uploads\/2024\/09\/erapirtti-2-1024x717-1-300x210.jpg 300w, https:\/\/nakkilanera.fi\/wp-content\/uploads\/2024\/09\/erapirtti-2-1024x717-1-768x538.jpg 768w\" sizes=\"auto, (max-width: 1024px) 100vw, 1024px\" \/><\/a><\/figure>\n\n\n\n<ul class=\"wp-block-list\"><\/ul>\n\n\n\n<div class=\"wp-block-group\"><div class=\"wp-block-group__inner-container is-layout-constrained wp-block-group-is-layout-constrained\">\n<figure class=\"wp-block-gallery has-nested-images columns-default is-cropped wp-block-gallery-1 is-layout-flex wp-block-gallery-is-layout-flex\">\n<figure class=\"wp-block-image size-large\"><a href=\"https:\/\/nakkilanera.fi\/wp-content\/uploads\/2024\/09\/Ep-022.jpg\"><img loading=\"lazy\" decoding=\"async\" width=\"635\" height=\"475\" data-id=\"377\" src=\"https:\/\/nakkilanera.fi\/wp-content\/uploads\/2024\/09\/Ep-022.jpg\" alt=\"\" class=\"wp-image-377\" srcset=\"https:\/\/nakkilanera.fi\/wp-content\/uploads\/2024\/09\/Ep-022.jpg 635w, https:\/\/nakkilanera.fi\/wp-content\/uploads\/2024\/09\/Ep-022-300x224.jpg 300w\" sizes=\"auto, (max-width: 635px) 100vw, 635px\" \/><\/a><\/figure>\n\n\n\n<figure class=\"wp-block-image size-large\"><a href=\"https:\/\/nakkilanera.fi\/wp-content\/uploads\/2024\/09\/Ep-026.jpg\"><img loading=\"lazy\" decoding=\"async\" width=\"635\" height=\"476\" data-id=\"379\" src=\"https:\/\/nakkilanera.fi\/wp-content\/uploads\/2024\/09\/Ep-026.jpg\" alt=\"\" class=\"wp-image-379\" srcset=\"https:\/\/nakkilanera.fi\/wp-content\/uploads\/2024\/09\/Ep-026.jpg 635w, https:\/\/nakkilanera.fi\/wp-content\/uploads\/2024\/09\/Ep-026-300x225.jpg 300w\" sizes=\"auto, (max-width: 635px) 100vw, 635px\" \/><\/a><\/figure>\n\n\n\n<figure class=\"wp-block-image size-large\"><a href=\"https:\/\/nakkilanera.fi\/wp-content\/uploads\/2024\/09\/Ep-023.jpg\"><img loading=\"lazy\" decoding=\"async\" width=\"637\" height=\"477\" data-id=\"378\" src=\"https:\/\/nakkilanera.fi\/wp-content\/uploads\/2024\/09\/Ep-023.jpg\" alt=\"\" class=\"wp-image-378\" srcset=\"https:\/\/nakkilanera.fi\/wp-content\/uploads\/2024\/09\/Ep-023.jpg 637w, https:\/\/nakkilanera.fi\/wp-content\/uploads\/2024\/09\/Ep-023-300x225.jpg 300w\" sizes=\"auto, (max-width: 637px) 100vw, 637px\" \/><\/a><\/figure>\n<\/figure>\n<\/div><\/div>\n\n\n\n<figure class=\"wp-block-gallery has-nested-images columns-default is-cropped wp-block-gallery-2 is-layout-flex wp-block-gallery-is-layout-flex\">\n<figure class=\"wp-block-image size-large\"><a href=\"https:\/\/nakkilanera.fi\/wp-content\/uploads\/2026\/02\/IMG-20260207-WA0002.jpg\"><img loading=\"lazy\" decoding=\"async\" width=\"768\" height=\"1024\" data-id=\"529\" src=\"https:\/\/nakkilanera.fi\/wp-content\/uploads\/2026\/02\/IMG-20260207-WA0002-768x1024.jpg\" alt=\"\" class=\"wp-image-529\" srcset=\"https:\/\/nakkilanera.fi\/wp-content\/uploads\/2026\/02\/IMG-20260207-WA0002-768x1024.jpg 768w, https:\/\/nakkilanera.fi\/wp-content\/uploads\/2026\/02\/IMG-20260207-WA0002-225x300.jpg 225w, https:\/\/nakkilanera.fi\/wp-content\/uploads\/2026\/02\/IMG-20260207-WA0002-1152x1536.jpg 1152w, https:\/\/nakkilanera.fi\/wp-content\/uploads\/2026\/02\/IMG-20260207-WA0002.jpg 1536w\" sizes=\"auto, (max-width: 768px) 100vw, 768px\" \/><\/a><\/figure>\n\n\n\n<figure class=\"wp-block-image size-large\"><a href=\"https:\/\/nakkilanera.fi\/wp-content\/uploads\/2026\/02\/IMG-20260207-WA0004.jpg\"><img loading=\"lazy\" decoding=\"async\" width=\"495\" height=\"1024\" data-id=\"530\" src=\"https:\/\/nakkilanera.fi\/wp-content\/uploads\/2026\/02\/IMG-20260207-WA0004-495x1024.jpg\" alt=\"\" class=\"wp-image-530\" srcset=\"https:\/\/nakkilanera.fi\/wp-content\/uploads\/2026\/02\/IMG-20260207-WA0004-495x1024.jpg 495w, https:\/\/nakkilanera.fi\/wp-content\/uploads\/2026\/02\/IMG-20260207-WA0004-145x300.jpg 145w, https:\/\/nakkilanera.fi\/wp-content\/uploads\/2026\/02\/IMG-20260207-WA0004-768x1589.jpg 768w, https:\/\/nakkilanera.fi\/wp-content\/uploads\/2026\/02\/IMG-20260207-WA0004-742x1536.jpg 742w, https:\/\/nakkilanera.fi\/wp-content\/uploads\/2026\/02\/IMG-20260207-WA0004.jpg 928w\" sizes=\"auto, (max-width: 495px) 100vw, 495px\" \/><\/a><\/figure>\n<\/figure>\n\n\n\n<div class=\"wp-block-group is-layout-grid wp-container-core-group-is-layout-9649a0d9 wp-block-group-is-layout-grid\">\n<figure class=\"wp-block-image size-large\"><img loading=\"lazy\" decoding=\"async\" width=\"495\" height=\"1024\" src=\"https:\/\/nakkilanera.fi\/wp-content\/uploads\/2026\/02\/IMG-20260207-WA0009-495x1024.jpg\" alt=\"\" class=\"wp-image-527\" srcset=\"https:\/\/nakkilanera.fi\/wp-content\/uploads\/2026\/02\/IMG-20260207-WA0009-495x1024.jpg 495w, https:\/\/nakkilanera.fi\/wp-content\/uploads\/2026\/02\/IMG-20260207-WA0009-145x300.jpg 145w, https:\/\/nakkilanera.fi\/wp-content\/uploads\/2026\/02\/IMG-20260207-WA0009-768x1589.jpg 768w, https:\/\/nakkilanera.fi\/wp-content\/uploads\/2026\/02\/IMG-20260207-WA0009-742x1536.jpg 742w, https:\/\/nakkilanera.fi\/wp-content\/uploads\/2026\/02\/IMG-20260207-WA0009.jpg 928w\" sizes=\"auto, (max-width: 495px) 100vw, 495px\" \/><\/figure>\n\n\n\n<figure class=\"wp-block-image size-large\"><img loading=\"lazy\" decoding=\"async\" width=\"495\" height=\"1024\" src=\"https:\/\/nakkilanera.fi\/wp-content\/uploads\/2026\/02\/IMG-20260207-WA0008-495x1024.jpg\" alt=\"\" class=\"wp-image-525\" srcset=\"https:\/\/nakkilanera.fi\/wp-content\/uploads\/2026\/02\/IMG-20260207-WA0008-495x1024.jpg 495w, https:\/\/nakkilanera.fi\/wp-content\/uploads\/2026\/02\/IMG-20260207-WA0008-145x300.jpg 145w, https:\/\/nakkilanera.fi\/wp-content\/uploads\/2026\/02\/IMG-20260207-WA0008-768x1589.jpg 768w, https:\/\/nakkilanera.fi\/wp-content\/uploads\/2026\/02\/IMG-20260207-WA0008-742x1536.jpg 742w, https:\/\/nakkilanera.fi\/wp-content\/uploads\/2026\/02\/IMG-20260207-WA0008.jpg 928w\" sizes=\"auto, (max-width: 495px) 100vw, 495px\" \/><\/figure>\n\n\n\n<figure class=\"wp-block-image size-large\"><img loading=\"lazy\" decoding=\"async\" width=\"495\" height=\"1024\" src=\"https:\/\/nakkilanera.fi\/wp-content\/uploads\/2026\/02\/IMG-20260207-WA0003-495x1024.jpg\" alt=\"\" class=\"wp-image-524\" srcset=\"https:\/\/nakkilanera.fi\/wp-content\/uploads\/2026\/02\/IMG-20260207-WA0003-495x1024.jpg 495w, https:\/\/nakkilanera.fi\/wp-content\/uploads\/2026\/02\/IMG-20260207-WA0003-145x300.jpg 145w, https:\/\/nakkilanera.fi\/wp-content\/uploads\/2026\/02\/IMG-20260207-WA0003-768x1589.jpg 768w, https:\/\/nakkilanera.fi\/wp-content\/uploads\/2026\/02\/IMG-20260207-WA0003-742x1536.jpg 742w, https:\/\/nakkilanera.fi\/wp-content\/uploads\/2026\/02\/IMG-20260207-WA0003.jpg 928w\" sizes=\"auto, (max-width: 495px) 100vw, 495px\" \/><\/figure>\n<\/div>\n\n\n\n<ul class=\"wp-block-list\"><\/ul>\n\n\n\n<figure class=\"wp-block-gallery has-nested-images columns-default is-cropped wp-block-gallery-3 is-layout-flex wp-block-gallery-is-layout-flex\">\n<figure class=\"wp-block-image size-large\"><a href=\"https:\/\/nakkilanera.fi\/wp-content\/uploads\/2026\/02\/IMG-20260207-WA0007.jpg\"><img loading=\"lazy\" decoding=\"async\" width=\"768\" height=\"1024\" data-id=\"526\" src=\"https:\/\/nakkilanera.fi\/wp-content\/uploads\/2026\/02\/IMG-20260207-WA0007-768x1024.jpg\" alt=\"\" class=\"wp-image-526\" srcset=\"https:\/\/nakkilanera.fi\/wp-content\/uploads\/2026\/02\/IMG-20260207-WA0007-768x1024.jpg 768w, https:\/\/nakkilanera.fi\/wp-content\/uploads\/2026\/02\/IMG-20260207-WA0007-225x300.jpg 225w, https:\/\/nakkilanera.fi\/wp-content\/uploads\/2026\/02\/IMG-20260207-WA0007-1152x1536.jpg 1152w, https:\/\/nakkilanera.fi\/wp-content\/uploads\/2026\/02\/IMG-20260207-WA0007.jpg 1536w\" sizes=\"auto, (max-width: 768px) 100vw, 768px\" \/><\/a><\/figure>\n\n\n\n<figure class=\"wp-block-image size-large\"><a href=\"https:\/\/nakkilanera.fi\/wp-content\/uploads\/2026\/02\/IMG-20260207-WA0006.jpg\"><img loading=\"lazy\" decoding=\"async\" width=\"768\" height=\"1024\" data-id=\"528\" src=\"https:\/\/nakkilanera.fi\/wp-content\/uploads\/2026\/02\/IMG-20260207-WA0006-768x1024.jpg\" alt=\"\" class=\"wp-image-528\" srcset=\"https:\/\/nakkilanera.fi\/wp-content\/uploads\/2026\/02\/IMG-20260207-WA0006-768x1024.jpg 768w, https:\/\/nakkilanera.fi\/wp-content\/uploads\/2026\/02\/IMG-20260207-WA0006-225x300.jpg 225w, https:\/\/nakkilanera.fi\/wp-content\/uploads\/2026\/02\/IMG-20260207-WA0006-1152x1536.jpg 1152w, https:\/\/nakkilanera.fi\/wp-content\/uploads\/2026\/02\/IMG-20260207-WA0006.jpg 1536w\" sizes=\"auto, (max-width: 768px) 100vw, 768px\" \/><\/a><\/figure>\n\n\n\n<figure class=\"wp-block-image size-large\"><a href=\"https:\/\/nakkilanera.fi\/wp-content\/uploads\/2026\/02\/IMG-20260207-WA0005.jpg\"><img loading=\"lazy\" decoding=\"async\" width=\"495\" height=\"1024\" data-id=\"521\" src=\"https:\/\/nakkilanera.fi\/wp-content\/uploads\/2026\/02\/IMG-20260207-WA0005-495x1024.jpg\" alt=\"\" class=\"wp-image-521\" srcset=\"https:\/\/nakkilanera.fi\/wp-content\/uploads\/2026\/02\/IMG-20260207-WA0005-495x1024.jpg 495w, https:\/\/nakkilanera.fi\/wp-content\/uploads\/2026\/02\/IMG-20260207-WA0005-145x300.jpg 145w, https:\/\/nakkilanera.fi\/wp-content\/uploads\/2026\/02\/IMG-20260207-WA0005-768x1589.jpg 768w, https:\/\/nakkilanera.fi\/wp-content\/uploads\/2026\/02\/IMG-20260207-WA0005-742x1536.jpg 742w, https:\/\/nakkilanera.fi\/wp-content\/uploads\/2026\/02\/IMG-20260207-WA0005.jpg 928w\" sizes=\"auto, (max-width: 495px) 100vw, 495px\" \/><\/a><\/figure>\n<\/figure>\n\n\n\n<figure class=\"wp-block-gallery has-nested-images columns-default is-cropped wp-block-gallery-4 is-layout-flex wp-block-gallery-is-layout-flex\">\n<figure class=\"wp-block-image size-large\"><a href=\"https:\/\/nakkilanera.fi\/wp-content\/uploads\/2024\/09\/erapirtti-sijainti-1.jpg\"><img loading=\"lazy\" decoding=\"async\" width=\"1024\" height=\"523\" data-id=\"421\" src=\"https:\/\/nakkilanera.fi\/wp-content\/uploads\/2024\/09\/erapirtti-sijainti-1-1024x523.jpg\" alt=\"\" class=\"wp-image-421\" srcset=\"https:\/\/nakkilanera.fi\/wp-content\/uploads\/2024\/09\/erapirtti-sijainti-1-1024x523.jpg 1024w, https:\/\/nakkilanera.fi\/wp-content\/uploads\/2024\/09\/erapirtti-sijainti-1-300x153.jpg 300w, https:\/\/nakkilanera.fi\/wp-content\/uploads\/2024\/09\/erapirtti-sijainti-1-768x392.jpg 768w, https:\/\/nakkilanera.fi\/wp-content\/uploads\/2024\/09\/erapirtti-sijainti-1-1536x784.jpg 1536w, https:\/\/nakkilanera.fi\/wp-content\/uploads\/2024\/09\/erapirtti-sijainti-1.jpg 1888w\" sizes=\"auto, (max-width: 1024px) 100vw, 1024px\" \/><\/a><\/figure>\n<\/figure>\n\n\n\n<figure class=\"wp-block-gallery has-nested-images columns-default is-cropped wp-block-gallery-5 is-layout-flex wp-block-gallery-is-layout-flex\"><\/figure>\n\n\n\n<p><\/p>\n","protected":false},"excerpt":{"rendered":"<p>Hirviseurueella on Nakkilan Vuohim\u00e4ess\u00e4 Er\u00e4pirtti. Rauhallisessa tilassa voi pit\u00e4\u00e4 esim. juhlia tai kokouksia. Tilaan mahtuu kokoustamaan n. 30-40 henkil\u00f6\u00e4. Ruokailu onnistuu sopuisasti n. 30 henkil\u00f6lle.&#8230;<\/p>\n<div class=\"more-link-wrapper\"><a class=\"more-link\" href=\"https:\/\/nakkilanera.fi\/?page_id=23\">Continue reading<span class=\"screen-reader-text\">ER\u00c4PIRTTI<\/span><\/a><\/div>\n","protected":false},"author":2,"featured_media":0,"parent":0,"menu_order":0,"comment_status":"closed","ping_status":"closed","template":"","meta":{"ngg_post_thumbnail":0,"footnotes":""},"class_list":["post-23","page","type-page","status-publish","hentry","entry"],"_links":{"self":[{"href":"https:\/\/nakkilanera.fi\/index.php?rest_route=\/wp\/v2\/pages\/23","targetHints":{"allow":["GET"]}}],"collection":[{"href":"https:\/\/nakkilanera.fi\/index.php?rest_route=\/wp\/v2\/pages"}],"about":[{"href":"https:\/\/nakkilanera.fi\/index.php?rest_route=\/wp\/v2\/types\/page"}],"author":[{"embeddable":true,"href":"https:\/\/nakkilanera.fi\/index.php?rest_route=\/wp\/v2\/users\/2"}],"replies":[{"embeddable":true,"href":"https:\/\/nakkilanera.fi\/index.php?rest_route=%2Fwp%2Fv2%2Fcomments&post=23"}],"version-history":[{"count":20,"href":"https:\/\/nakkilanera.fi\/index.php?rest_route=\/wp\/v2\/pages\/23\/revisions"}],"predecessor-version":[{"id":538,"href":"https:\/\/nakkilanera.fi\/index.php?rest_route=\/wp\/v2\/pages\/23\/revisions\/538"}],"wp:attachment":[{"href":"https:\/\/nakkilanera.fi\/index.php?rest_route=%2Fwp%2Fv2%2Fmedia&parent=23"}],"curies":[{"name":"wp","href":"https:\/\/api.w.org\/{rel}","templated":true}]}}